hundreds digit of k(w)?
9
Let s(v) = 33*v**2 - v. Suppose -2*j = 2*n + 3*n - 382, -2*n = -4*j - 172. Let c = n - 77. What is the units digit of s(c)?
2
Let v = 32 + -28. Suppose 0 = v*q + 4*f, 3*q - 2*f + 4*f - 1 = 0. Let y = q - -33. What is the tens digit of y?
3
Let d = 47 + -47. Suppose d = 2*m + 5*c - 45, -2*c + c + 33 = 2*m. Suppose -y - n + 96 = -2*n, m = -3*n. What is the units digit of y?
1
Suppose -4*g = 3*m + 6, -m + 3 = -2*g - 5. Suppose m*y = -3*p + 559, 0*y + 281 = y + 2*p. What is the units digit of y?
5
Suppose 5 = -3*d + 17. Suppose 6*b - d*b = -8. Let h(o) = 9*o**2 - 9*o + 2. What is the hundreds digit of h(b)?
1
Let m be (-3 + -1)*(1 - (-1284)/(-8)). Suppose -2*f = 5*u - 3*u - m, 0 = -u - 3. What is the units digit of f?
2
Suppose -2*g + 1166 = 4*j, 3*j + 908 = 5*g - 1981. Suppose s + 849 = 3*b, -b - 5*s = -3*b + g. What is the tens digit of b?
8
Let p = -19 - -20. Let y be (0 - -5) + 0 + (2 - p). What is the units digit of (y/(-4))/(6/(-348))?
7
Let s(j) = 34*j**3 - 3*j**2 - 8*j - 5. Let r be s(-2). Let z = r - -471. What is the hundreds digit of z?
1
Let n(m) = m**3 - 87*m**2 + 89*m + 91. What is the tens digit of n(87)?
3
Let z(x) = 303*x + 11923. What is the ten thousands digit of z(9)?
1
What is the tens digit of (-2 - 112/(-35))/(21/105980)?
5
Let i(m) be the third derivative of 47*m**6/120 + m**5/15 + m**4/12 - 2*m**3/3 - 3*m**2 - 1. What is the hundreds digit of i(2)?
3
Let t(b) = -b**3 - 14*b**2 - 12*b + 9. Let m be t(-13). Let k be 1/m + 14/(-8) + 1. What is the units digit of (2/3)/k - 585/(-27)?
1
Let m(q) = 4*q - 25. Let u be (-29)/58*(1 - 1). Suppose 5*g = -5*r + 80, 5*g + u*g - 5*r = 70. What is the units digit of m(g)?
5
Suppose -52*d + 49*d + 115151 = 5*w, -153492 = -4*d + 4*w. What is the units digit of d?
7
Suppose -u = 3*t + 797, -8*u + 3*u - 4*t - 4040 = 0. Let h = -251 - u. What is the hundreds digit of h?
5
Suppose 29806 = 2*q + 2*b - 4682, -2*q + 34468 = -3*b. What is the thousands digit of q?
7
Suppose -12*c + 5*c + 56 = 0. Suppose 3*j - 37 + c = -w, -2*j - 3*w + 10 = 0. Suppose -306 = -j*x + 8*x. What is the units digit of x?
2
Suppose 6*k + 80 = 11*k. Suppose -20*d = -24*d + k. Suppose 55 = d*r - 245. What is the units digit of r?
5
Let c be 4/3 + 6/9. Let q be ((-10)/(-45) + c/18)*-3. What is the tens digit of (0 - (q + 2))*-31*3?
9
Let l(i) = -2*i + 26. Let u be 1068/(-72) - (-2)/(-12). Let a = u - 0. What is the units digit of l(a)?
6
Suppose -4*l - 3*n = 3, -5*l - 2*n = -n + 1. Let f = -1 - -9. Suppose l = 3*m - 12, -2*m = -3*h + f*h - 268. What is the units digit of h?
2
Let g be (2/(-4))/(4/(-24)). Suppose 4*k = -4*h + 24, 2*h + g = 3*k - 2*k. Suppose 0*f + 64 = n + 4*f, -3*n - k*f + 192 = 0. What is the units digit of n?
4
Let t = -80668 + 122733. What is the units digit of t?
5
Let w = 87 - 81. Suppose -x - q = 2*q - 9, -3*q + w = 0. Suppose 4*f + 180 - 10 = 2*h, -x*h + 5*f = -255. What is the tens digit of h?
8
Suppose -3*b + 2*c = c + 21, 0 = 2*b + c + 9. Let d be (-3)/18 + (-1)/b. Suppose 4*y = -d*y + 276. What is the tens digit of y?
6
Let r be 2/3 + (-84)/(-63). Suppose 5*l - 2*j - 1195 = 0, j - 478 = -2*l - r*j. What is the units digit of l?
9
Let u(p) = 2*p + 25*p**2 - 49*p**2 + 25*p**2 + 3 + 5*p. Let z be u(-6). Let o = 37 - z. What is the units digit of o?
0
Suppose 0 = -5*z + 15, 40930 + 1812 = 4*x - 2*z. What is the ten thousands digit of x?
1
Let s(p) = -2*p**2 - 31*p - 46. Let t be s(-10). Suppose -56*d = -t*d + 3032. What is the hundreds digit of d?
3
Let m = -16822 - -25156. What is the units digit of m?
4
Let w = 135 - 83. Let y = w + 156. Suppose -3*x + 292 = d, -2*x - 4*d = -y + 10. What is the tens digit of x?
9
Let g(r) = -90*r + 86. Let d(q) = -3*q - 33. Let m be d(-9). What is the tens digit of g(m)?
2
Suppose 0 = 2*y - c - 2, 3*y - 2*c - c = -3. Suppose y*p = 6 + 9. Let r(x) = 10*x + 11. What is the tens digit of r(p)?
6
Let k be (84/18)/(1/(-1773)). Let p be k/(-28) - 1/(-2). Suppose 2*h - 3 = 3*h, 5*q - p = 2*h. What is the units digit of q?
8
Let b = -472 + 472. Suppose -5*v + 2*v + k + 686 = b, -3*v = k - 694. What is the hundreds digit of v?
2
Suppose -2082621 - 345584 = -65*x. What is the ten thousands digit of x?
3
Let a = 39 - 36. Let q be a/4 + 126/24. What is the tens digit of (111/9 - 2)*q?
6
Let l = 529 + -213. Suppose 8*i + l = 916. What is the units digit of i?
5
Let w be 3*2/12 + 242/(-4). Let x = -60 - w. Let v(o) = o + 154. What is the hundreds digit of v(x)?
1
Suppose 4*b = -0*c + 5*c + 34, 2*c - 5*b = 0. Suppose 2*l - l - 184 = 0. Let v = l + c. What is the hundreds digit of v?
1
Suppose -a + 6 + 4 = 0. Suppose 27*l - a = 22*l. Suppose 3*u + 5 = l*u, -87 = -4*w + 3*u. What is the units digit of w?
8
What is the ten thousands digit of 21868 - ((-102)/(-17) - -5)?
2
Suppose -4*k + 36928 = 6*r, r - 4262 = 2*k + 1906. What is the thousands digit of r?
6
Let a be -1 + 1*15*6/18. What is the hundreds digit of 2 + (-74)/(-2)*a?
1
Suppose 0 = -4*w + 7752 + 4696. What is the hundreds digit of w?
1
Suppose 21 - 7 = -2*p. Let v(d) be the second derivative of -d**5/20 - d**4/2 - 7*d**3/6 - 3*d**2 - 2*d - 40. What is the tens digit of v(p)?
9
Let h(p) = -p**3 - p**2 + 13. Let j be h(-5). Suppose -7*r = -j - 307. What is the tens digit of r?
6
Suppose -290 = -5*x - 3*w, 3*w = 2*x - 4*x + 116. Suppose -y + 132 = -164. Suppose 2*o + x = y. What is the hundreds digit of o?
1
Suppose -4*q + 4*m + 10 = -14, -q = -4*m - 9. Suppose -q*o - a + 1686 = 0, -5*o + 6*o - 318 = -5*a. What is the hundreds digit of o?
3
Suppose 0 = -5*c - l + 16, 0 = 4*c + 4*l - 5 - 11. Suppose -f - 5*t + 12 = 0, c*f = -0*f + 2*t + 121. What is the units digit of f?
7
Let f(t) = -t**3 - t**2 + t + 1. Let n(i) = 65*i**3 + i + 3. Let v(s) = -3*f(s) + n(s). Let l be v(1). Suppose 21 = 3*j - l. What is the tens digit of j?
3
Suppose 5*f + 173 = 2*q, -2*q - 2*q = -2*f - 306. Suppose -q*w = -62*w - 288. What is the tens digit of w?
2
Let z be 4 - -2*(45/(-5) + 5). What is the hundreds digit of (z/6)/(122/(-39345))?
2
Let w(m) = m**2 - 12*m + 57. Let z be w(6). Suppose 1240 = 10*p + z*p. What is the tens digit of p?
4
Let a(u) = -5*u**2 - 3*u + 19 + 17*u - 6*u**2 + 10*u**2. Let x be a(15). What is the hundreds digit of 189 + (-10 + x)/3?
1
Suppose 0 = -2*o - 5*f - 553 + 2338, -5*o - 4*f + 4488 = 0. What is the tens digit of o?
0
Let w(d) = 3*d**2 - 1. Suppose 3*u + 3*n = -u + 8, 0 = -2*u + n + 14. Suppose -2*r - 28 = 2*r - 4*m, 0 = r - u*m + 11. What is the tens digit of w(r)?
0
Let f = 5 - -106. Let y = f - 79. Let s = y + 30. What is the units digit of s?
2
Suppose -5*f = -5, -2*f - 5 - 1 = -4*b. Suppose -b*l = -6*l + 940. What is the hundreds digit of l?
2
Suppose b - 2*b - 6 = -d, 3*b = -4*d + 10. Let g be (8 + -6)*(-2)/(0 - b). Let x(z) = -9*z**3 - 2*z**2 - z + 2. What is the tens digit of x(g)?
6
Let p = -12617 - -18364. What is the units digit of p?
7
Let f(d) = 3*d**2 + 23*d + 418. What is the units digit of f(-19)?
4
What is the thousands digit of (-125)/2*(-251 + -9)?
6
Let w(x) = 817*x**3 + 6*x + 7. Let o be w(-1). Let g = o + 1666. What is the tens digit of g?
5
Let s(c) = c**3 + 10*c**2 - 12*c - 25. Let y be s(-11). Let k be 14 + y + (2 - 0 - 2). Suppose k = n - 8*n + 42. What is the units digit of n?
6
Let z(r) = 6*r**2 - 4*r + 72. Let m be z(-9). Let c = 1269 - m. What is the hundreds digit of c?
6
Let u be 33*(-3 + (-52)/4) + 4. Let f = 766 + u. What is the tens digit of f?
4
Suppose 41*f = 10*f + 487470 + 166847. What is the thousands digit of f?
1
Suppose 15*o - 37602 = 9*o. What is the tens digit of o?
6
Let p = 667 + -437. Let r = 748 - p. What is the units digit of r?
8
Suppose h = -5*c + 17089, 3*c - 4*h - 8257 = 2001. What is the hundreds digit of c?
4
Suppose -3532*h + 3533*h = -4*t + 40479, -2*t - 202549 = -5*h. What is the hundreds digit of h?
5
Suppose 94 + 77 = l. Let c = 279 + l. What is the tens digit of c?
5
Suppose 0 = -2*a - 10*a + 60. Suppose -b - 4139 = -a*x, -10*x - b + 4131 = -5*x. What is the units digit of x?
7
Let h be ((-20)/15)/(2/6). Suppose -15 - 13 = 14*n. What is the units digit of 1/8*n + (-753)/h?
8
Suppose -97548 - 120537 - 272970 = -57*j. What is the thousands digit of j?
8
Let f be (-4)/(-7) + 1241/119. Suppose f*l + 3227 = 10157. What is the tens